{"id":808,"date":"2025-06-01T06:32:34","date_gmt":"2025-06-01T06:32:34","guid":{"rendered":"https:\/\/www.koivuniemenmarjatila.fi\/?page_id=808"},"modified":"2026-04-11T16:35:24","modified_gmt":"2026-04-11T16:35:24","slug":"ajankohtaista","status":"publish","type":"page","link":"https:\/\/www.koivuniemenmarjatila.fi\/index.php\/ajankohtaista\/","title":{"rendered":"Ajankohtaista"},"content":{"rendered":"\n<div class=\"wp-block-group alignfull is-layout-constrained wp-container-core-group-is-layout-98348ae4 wp-block-group-is-layout-constrained\" style=\"padding-top:80px;padding-right:var(--wp--preset--spacing--40);padding-bottom:80px;padding-left:var(--wp--preset--spacing--40)\">\n<div class=\"wp-block-group alignwide is-content-justification-center is-nowrap is-layout-flex wp-container-core-group-is-layout-eeea3fc2 wp-block-group-is-layout-flex\">\n<div style=\"height:60px;width:0px\" aria-hidden=\"true\" class=\"wp-block-spacer wp-container-content-1cacd481\"><\/div>\n\n\n\n<div class=\"wp-block-group alignwide has-custom-color-2-color has-custom-color-1-background-color has-text-color has-background has-link-color wp-elements-5b6063ff10c449bdd5a1a7aff0408b81 is-vertical is-layout-flex wp-container-core-group-is-layout-570e21db wp-block-group-is-layout-flex\" style=\"padding-top:20px;padding-right:20px;padding-bottom:20px;padding-left:20px\">\n<div style=\"height:0px\" aria-hidden=\"true\" class=\"wp-block-spacer wp-container-content-728072c3\"><\/div>\n\n\n\n<h2 class=\"wp-block-heading alignwide has-text-align-left has-custom-color-3-color has-text-color has-link-color has-x-large-font-size wp-elements-3595ef94ba01e9ff17287da8948c9fed\" style=\"line-height:1.1;text-transform:none\">Tiedotteet ja kuulumiset<\/h2>\n\n\n\n<p><\/p>\n\n\n\n<p style=\"margin-top:var(--wp--preset--spacing--60);margin-bottom:var(--wp--preset--spacing--60)\">Aurinko paistaa l\u00e4mpim\u00e4sti ja kev\u00e4t t\u00f6ihin on p\u00e4\u00e4sty t\u00e4n\u00e4 vuonna enn\u00e4tys varhain. <br><br>Somen puolelta voit l\u00f6yt\u00e4\u00e4 ajankohtaisia p\u00e4ivityksi\u00e4 marjatilan arkisista puuhista. <br>Suunnitelmissa on t\u00e4ll\u00e4 kaudella kertoa enemm\u00e4n viljelyyn liittyvist\u00e4 aiheista. <br><\/p>\n\n\n\n<p style=\"margin-top:var(--wp--preset--spacing--60);margin-bottom:var(--wp--preset--spacing--60)\"><br><\/p>\n\n\n\n<p style=\"margin-top:var(--wp--preset--spacing--60);margin-bottom:var(--wp--preset--spacing--60)\">Mukavaa kev\u00e4tt\u00e4! \ud83d\udc9b <br><\/p>\n\n\n\n<p style=\"margin-top:var(--wp--preset--spacing--60);margin-bottom:var(--wp--preset--spacing--60)\"><\/p>\n\n\n\n<p><\/p>\n\n\n\n<p class=\"has-custom-color-2-color has-text-color has-link-color wp-elements-28b53a10c6bab037f20002a150cd05a3\" style=\"border-style:none;border-width:0px;margin-top:var(--wp--preset--spacing--60);margin-bottom:var(--wp--preset--spacing--60)\"><\/p>\n\n\n\n<p class=\"has-custom-color-2-color has-text-color has-link-color wp-elements-c5f9a7d642d147138d78fb425def2d34\" style=\"border-style:none;border-width:0px;margin-top:var(--wp--preset--spacing--60);margin-bottom:var(--wp--preset--spacing--60)\">(p\u00e4ivitetty 11.4.2026)<\/p>\n\n\n\n<div style=\"height:0px\" aria-hidden=\"true\" class=\"wp-block-spacer wp-container-content-1cacd481\"><\/div>\n\n\n\n<div style=\"height:0px\" aria-hidden=\"true\" class=\"wp-block-spacer wp-container-content-42c95ffb\"><\/div>\n\n\n\n<div class=\"wp-block-buttons is-layout-flex wp-block-buttons-is-layout-flex\"><\/div>\n<\/div>\n<\/div>\n<\/div>\n\n\n\n<p><\/p>\n","protected":false},"excerpt":{"rendered":"<p>Tiedotteet ja kuulumiset Aurinko paistaa l\u00e4mpim\u00e4sti ja kev\u00e4t t\u00f6ihin on p\u00e4\u00e4sty t\u00e4n\u00e4 vuonna enn\u00e4tys varhain. Somen puolelta voit l\u00f6yt\u00e4\u00e4 ajankohtaisia p\u00e4ivityksi\u00e4 marjatilan arkisista puuhista. Suunnitelmissa on t\u00e4ll\u00e4 kaudella kertoa enemm\u00e4n viljelyyn liittyvist\u00e4 aiheista. Mukavaa kev\u00e4tt\u00e4! \ud83d\udc9b (p\u00e4ivitetty 11.4.2026)<\/p>\n","protected":false},"author":1,"featured_media":0,"parent":0,"menu_order":0,"comment_status":"closed","ping_status":"closed","template":"","meta":{"footnotes":""},"class_list":["post-808","page","type-page","status-publish","hentry"],"_links":{"self":[{"href":"https:\/\/www.koivuniemenmarjatila.fi\/index.php\/wp-json\/wp\/v2\/pages\/808","targetHints":{"allow":["GET"]}}],"collection":[{"href":"https:\/\/www.koivuniemenmarjatila.fi\/index.php\/wp-json\/wp\/v2\/pages"}],"about":[{"href":"https:\/\/www.koivuniemenmarjatila.fi\/index.php\/wp-json\/wp\/v2\/types\/page"}],"author":[{"embeddable":true,"href":"https:\/\/www.koivuniemenmarjatila.fi\/index.php\/wp-json\/wp\/v2\/users\/1"}],"replies":[{"embeddable":true,"href":"https:\/\/www.koivuniemenmarjatila.fi\/index.php\/wp-json\/wp\/v2\/comments?post=808"}],"version-history":[{"count":36,"href":"https:\/\/www.koivuniemenmarjatila.fi\/index.php\/wp-json\/wp\/v2\/pages\/808\/revisions"}],"predecessor-version":[{"id":1012,"href":"https:\/\/www.koivuniemenmarjatila.fi\/index.php\/wp-json\/wp\/v2\/pages\/808\/revisions\/1012"}],"wp:attachment":[{"href":"https:\/\/www.koivuniemenmarjatila.fi\/index.php\/wp-json\/wp\/v2\/media?parent=808"}],"curies":[{"name":"wp","href":"https:\/\/api.w.org\/{rel}","templated":true}]}}